668512 a multiple of 14?
True
Is 7384960 a multiple of 32?
True
Does 13 divide 68045502?
False
Is 724 a factor of 7696322?
False
Is 379 a factor of 121060356?
False
Is 4200733386 a multiple of 162?
True
Is 85839462 a multiple of 327?
True
Does 1490 divide 479426653?
False
Does 6 divide 66368925?
False
Is 205 a factor of 36194702?
False
Does 971 divide 51964614?
False
Is 93265359 a multiple of 33?
True
Is 226 a factor of 30555798?
False
Is 77 a factor of 13675200?
True
Is 1668354 a multiple of 6?
True
Does 1908 divide 13289726?
False
Does 2 divide 79219370?
True
Is 79132312 a multiple of 148?
False
Is 3161 a factor of 104120179?
True
Is 1402 a factor of 224906036?
True
Does 2438 divide 102396?
True
Does 212 divide 330586440?
True
Is 127 a factor of 209317290?
False
Is 106 a factor of 46506233?
False
Does 177 divide 42020519?
False
Does 10 divide 316843265?
False
Is 1540487583 a multiple of 6606?
False
Is 384699529 a multiple of 1489?
True
Does 536 divide 1468958360?
False
Is 1976288409 a multiple of 12679?
True
Does 86 divide 3615704752?
False
Is 5112090480 a multiple of 354?
False
Does 319 divide 316620260?
True
Is 93019356 a multiple of 34?
False
Is 895923912 a multiple of 148?
False
Is 323 a factor of 321821373?
True
Does 16 divide 69095532?
False
Is 624 a factor of 37489296?
True
Is 1914 a factor of 61106323?
False
Does 39 divide 72032688?
True
Is 34776301 a multiple of 69?
False
Does 57 divide 14036136?
True
Is 2351438793 a multiple of 91?
False
Is 18 a factor of 127295640?
True
Does 766 divide 37539368?
False
Is 4657732879 a multiple of 245?
False
Is 131 a factor of 122494065?
False
Does 28 divide 435972044?
False
Is 16 a factor of 232640592?
True
Does 5 divide 3243858291?
False
Is 26 a factor of 1086431790?
False
Does 16 divide 255789303?
False
Is 121891980 a multiple of 30?
True
Is 81737446 a multiple of 23?
True
Is 1794 a factor of 803528045?
False
Is 1710797428 a multiple of 12892?
False
Is 46 a factor of 4962618?
True
Does 3229 divide 538195043?
False
Does 16 divide 5097280?
True
Does 38 divide 17481133?
False
Does 59 divide 269268330?
True
Is 25433985 a multiple of 111?
True
Does 350 divide 3606319500?
True
Does 202 divide 39155573?
False
Is 477 a factor of 76266866?
False
Is 1154031305 a multiple of 1435?
True
Is 304151413 a multiple of 163?
False
Is 356555463 a multiple of 19?
True
Is 37196489 a multiple of 170?
False
Is 3162 a factor of 27406527?
False
Is 15052751 a multiple of 75?
False
Is 115 a factor of 27586660?
True
Is 97 a factor of 827785293?
True
Is 8 a factor of 546237144?
True
Is 14 a factor of 1288855402?
False
Does 438 divide 1744849845?
False
Does 253 divide 687078931?
True
Is 4659 a factor of 309394872?
True
Does 24 divide 1022253816?
True
Does 27 divide 63718677?
True
Is 6 a factor of 3260251?
False
Does 437 divide 596483587?
True
Is 22 a factor of 4083955898?
True
Does 50 divide 27199978?
False
Does 3 divide 173127899?
False
Does 928 divide 1025463887?
False
Is 77 a factor of 28889245?
True
Does 1171 divide 187430543?
False
Is 489348162 a multiple of 306?
True
Is 80370 a multiple of 190?
True
Does 1849 divide 373490604?
True
Does 40 divide 144901192?
False
Is 8 a factor of 80777426?
False
Is 169668700 a multiple of 25?
True
Does 28 divide 237312460?
True
Is 112528780 a multiple of 442?
True
Does 277 divide 22624394?
False
Is 15233576 a multiple of 5?
False
Does 1301 divide 7852891?
False
Is 174 a factor of 6619097?
False
Is 854 a factor of 195577565?
False
Does 5196 divide 106614614?
False
Is 80975897 a multiple of 591?
False
Does 9 divide 70245718?
False
Is 1071 a factor of 3015811918?
False
Does 70 divide 218759170?
True
Is 319580833 a multiple of 59?
False
Is 22 a factor of 19451769?
False
Is 8 a factor of 25982952?
True
Is 71 a factor of 256606283?
True
Is 7 a factor of 3098309355?
False
Is 1197 a factor of 179543530?
False
Is 113924369 a multiple of 37?
True
Is 80750376 a multiple of 72?
True
Does 684 divide 1849743051?
False
Does 30 divide 2366857526?
False
Is 31135038 a multiple of 4858?
False
Is 96102988 a multiple of 3989?
True
Is 257174352 a multiple of 144?
True
Is 5514426 a multiple of 2958?
False
Does 12 divide 725094373?
False
Is 3585 a factor of 141861388?
False
Does 205 divide 203004673?
False
Is 64 a factor of 231757732?
False
Is 58684965 a multiple of 2068?
False
Is 3465346374 a multiple of 2393?
True
Does 3 divide 98394870?
True
Is 19 a factor of 54710176?
False
Is 730975652 a multiple of 1698?
False
Is 3 a factor of 1327042?
False
Is 94091291 a multiple of 743?
True
Is 144 a factor of 316142208?
True
Is 29616836 a multiple of 38?
False
Is 15 a factor of 51712145?
False
Is 94870908 a multiple of 396?
True
Does 13 divide 4287897146?
True
Is 5046 a factor of 2924797842?
True
Is 267312347 a multiple of 5642?
False
Is 43 a factor of 12797859?
False
Is 4190094050 a multiple of 1835?
True
Is 1642075524 a multiple of 414?
True
Does 7 divide 2143235346?
True
Is 26755401 a multiple of 359?
False
Is 50 a factor of 18500585?
False
Is 54 a factor of 43165302?
False
Is 610009651 a multiple of 138?
False
Does 44 divide 7558738?
False
Is 4 a factor of 375761064?
True
Is 10 a factor of 306107993?
False
Does 4672 divide 87941056?
True
Is 26 a factor of 287115608?
True
Is 466457776 a multiple of 8?
True
Does 11 divide 190680564?
False
Does 7 divide 239220832?
False
Is 94618566 a multiple of 1626?
True
Does 8 divide 1315138?
False
Does 4082 divide 1150743100?
False
Is 1975 a factor of 896920575?
True
Does 2540 divide 365760?
True
Is 10 a factor of 7650715?
False
Does 255 divide 13748883?
False
Is 1318 a factor of 165515402?
False
Is 1127666856 a multiple of 1896?
True
Is 21725851 a multiple of 3?
False
Does 1566 divide 7026642?
True
Is 1703447668 a multiple of 157?
False
Is 104 a factor of 432109080?
True
Is 176 a factor of 589295228?
False
Does 51 divide 21236024?
False
Is 1971 a factor of 259244739?
False
Does 90 divide 14014800?
True
Is 35 a factor of 2086350?
True
Is 25 a factor of 1027108331?
False
Is 1377 a factor of 1428525963?
True
Is 193148506 a multiple of 12?
False
Does 28 divide 5132316392?
True
Does 64 divide 9113809?
False
Is 15 a factor of 35123817?
False
Is 19 a factor of 24484502?
True
Does 1706 divide 24615874?
True
Is 112658 a multiple of 7?
True
Does 5 divide 467148775?
True
Is 17528350 a multiple of 427?
True
Is 486 a factor of 75527802?
True
Does 2 divide 20565194?
True
Is 4816394 a multiple of 146?
True
Is 716200817 a multiple of 19?
False
Is 78407478 a multiple of 1418?
False
Does 36 divide 3950162?
False
Does 1968 divide 200804880?
True
Is 2917 a factor of 619704982?
True
Does 6 divide 70292226?
True
Is 823 a factor of 16641883?
True
Does 1283 divide 644779492?
False
Does 22 divide 2262204956?
True
Is 304161532 a multiple of 2168?
False
Is 2 a factor of 6623240?
True
Is 11 a factor of 111195700?
True
Is 531082854 a multiple of 9?
True
Does 3745 divide 409257345?
True
Is 12 a factor of 22362924?
True
Is 33 a factor of 10197823?
False
Does 32 divide 2522008?
False
Is 3605048 a multiple of 41?
True
Is 3166215489 a multiple of 1941?
True
Is 159 a factor of 495839433?
True
Is 98587766 a multiple of 222?
False
Is 408 a factor of 32084304?
True
Is 19609421 a multiple of 13?
True
Is 8 a factor of 7013260?
False
Is 62 a factor of 14149888?
True
Is 8190 a factor of 1087214310?
True
Is 208 a factor of 83409768?
False
Is 202 a factor of 35617044?
True
Does 304 divide 28260829?
False
Is 3872 a factor of 73484666?
False
Is 1497 a factor of 499731549?
False
Does 20 divide 2345182?
False
Does 836 divide 1225164460?
False
Is 148235453 a multiple of 32?
False
Is 102 a factor of 203210944?
False
Is 33 a factor of 2912250?
True
Is 16 a factor of 8000770?
False
Does 713 divide 58083832?
True
Is 24308460 a multiple of 18?
True
Does 73 divide 1779318967?
False
Is 168 a factor of 15829942?
False
Is 843 a factor of 1528598174?
False
Does 272 divide 1006589984?
False
Is 133 a factor of 34391026?
False
Is 82568544 a multiple of 8?
True
Is 38157984 a multiple of 6?
True
Is 284495760 a multiple of 45?
True
Does 82 divide 8368264?
True
Does 59 divide 16417635?
True
Does 11 divide 366341943?
True
Is 199883988 a multiple of 2502?
False
Is 286106644 a multiple of 74?
True
Is 22173988 a multiple of 4636?
True
Is 20102